?
False
Let f(l) = 422*l**2 + 10*l + 17. Is f(-5) a prime number?
False
Suppose a - 1 = 3. Let j(f) = 13*f**2 + 4*f + 3. Let g(b) = -b. Let t(v) = 4*g(v) + j(v). Is t(a) composite?
False
Let z(x) = 1 - 60*x - 107*x - 55*x. Suppose 0 = p - 4 + 5. Is z(p) a composite number?
False
Suppose 8*c + 3420 = 13*c. Suppose -y + 515 = u - c, -y - 2*u = -1197. Is y prime?
True
Suppose 2*x - j - 3569 = 0, 4551 + 2566 = 4*x + 5*j. Is x prime?
True
Suppose 3*t + 35 = 4*i, -3*t + 2*i = -0*t + 43. Let o = t + 14. Let f(l) = -132*l - 7. Is f(o) prime?
True
Let c(k) = k**3 + 56*k**2 - 39*k - 147. Is c(-46) a prime number?
True
Suppose 10 = -0*d + 2*d. Suppose 0 = -4*c + d*c - 2149. Is c prime?
False
Suppose -87*d + 229687 = -28*d. Is d prime?
False
Suppose 0 = -2*t + 3*n + 17, 0*t + n = t - 8. Suppose -5*i + d = -414, -3*i + t*d = 11*d - 253. Is i prime?
True
Suppose 97360 = 4*n - m, -2*n - 5747 + 54437 = 2*m. Is n a composite number?
True
Let d(u) = 543*u**2 + 522*u - 2. Is d(5) a prime number?
True
Suppose i = -2*i + 9. Let j(s) = i - 2*s - 2*s**2 + 5*s - 19*s**3 + 4*s**2. Is j(-2) a composite number?
False
Let d = 119 + 610. Let o = 1288 - d. Is o prime?
False
Let g = 15513 + 1088. Is g a prime number?
False
Let v(i) = -9*i**3 + 3*i**2 + 5. Let m be v(5). Let j = -596 - m. Is j a prime number?
True
Suppose -2*v - 2*v - 104 = 0. Let f(l) = l**2 - 20*l + 4. Let i be f(17). Let d = v - i. Is d a composite number?
True
Suppose 5*d - 13 = -4*f, -5*d + 5*f + 9 + 31 = 0. Suppose -d*z + 118 = p, -z - z + 40 = -2*p. Is z prime?
True
Suppose -8*p + 8 = -12*p, -u + 12459 = -4*p. Is u composite?
False
Suppose 4*d - 4*c = 76696, -8*d = -12*d + c + 76681. Is d prime?
False
Let p(g) = -g - 9. Let c be p(-12). Let y be 1 - (-3951 - (-6)/c). Suppose 0 = -3*t + 2*f - 0*f + 2365, -y = -5*t + 5*f. Is t composite?
True
Let s = 454 - 1. Is s a composite number?
True
Let u be -2 + 4 + (2 - 4). Let p be (12 - 8) + 164 + u. Let j = p + 23. Is j composite?
False
Let o(c) = c**2 + 21*c + 50. Let v be o(-19). Suppose -11*f = -v*f + 97. Is f prime?
True
Let w(d) = 6*d**2 + d + 13. Is w(-6) composite?
False
Suppose 60*z - 884620 = 40*z. Is z a composite number?
True
Suppose -3*g + 66 = -5*g. Let y = g - -102. Let i = 178 - y. Is i prime?
True
Let t be ((-8)/(-24) - 14/24)*4. Let r be -141 + (4/(-2))/1. Is t/((-428)/r - 3) composite?
True
Let v(u) = u**3 + 3*u**2 - u. Let z be v(-3). Is ((-1396 - z)*1)/(1*-1) prime?
True
Let w(h) = -113*h - 336. Is w(-19) composite?
False
Suppose 5*z - 3*i - 25391 = 0, 10148 = 15*z - 13*z + 3*i. Is z a prime number?
True
Let m be (-6)/45 + 1958*(-699)/(-90). Let o = m + -7598. Is o prime?
False
Let t(o) = 11*o**2 + 9*o + 9. Suppose 9*p - 4*p = -35. Is t(p) prime?
False
Let l be (5 + -4 + 3)*2/4. Suppose -2*k - 3*h = -1219, l*k - 1248 + 32 = -4*h. Is k a composite number?
True
Suppose 29*c + 8455 = 55464. Is c prime?
True
Is (4110/(-150))/(1/(-955)) prime?
False
Let o = 23963 - 9742. Is o prime?
True
Suppose 4*p - 1554 = -4*i + 17190, 3*i + 18751 = 4*p. Is p prime?
False
Let x = 41 - 38. Suppose -k + 2868 = x*k. Is k prime?
False
Suppose -3*q + 78 = -222. Let m = q - -81. Is m composite?
False
Let x(u) = -143*u - 684. Is x(-7) a prime number?
True
Let h(m) = -9*m - 20. Let i be h(-5). Is 770/i - (-1)/5 prime?
True
Suppose -67333 = -5*j - 4*b, -40416 = 2*j - 5*j + 3*b. Is j composite?
False
Suppose 5*l = 7258 - 1058. Is l/14 - 21/(-49) prime?
True
Suppose 0 = 13*l - 14*l + 1801. Is l composite?
False
Suppose -20 = -6*c - 2. Suppose -5*i + 15 = 8*v - c*v, 2*v = -i + 3. Is -1 + v/(-3) - -488 a composite number?
False
Suppose 248 = v - 16. Let t = v + 229. Is t a prime number?
False
Let s(u) = -u. Let i be s(8). Let w = 0 - i. Let m(q) = q**2 + 3*q - 5. Is m(w) a prime number?
True
Let b be (0/2)/(7 + -5). Suppose -a + 2 = -b. Is (a/4)/((-1)/(-6)) composite?
False
Let y(d) = 53*d**2 - 7*d + 17. Is y(6) prime?
False
Suppose -5*t + 384 = x, -50 = -t - 3*x + 24. Let m(c) = -2*c - 4. Let r be m(-3). Let f = t + r. Is f prime?
True
Let k(u) = 21*u + 1. Let g be k(1). Suppose 3*j + 18 = 183. Is (-2037)/(-5) - g/j a prime number?
False
Let r(w) = -31*w**3 + 17*w + 15. Is r(-6) composite?
True
Is (-48)/(-88) + 523501/121 composite?
False
Let p = 110 - 108. Suppose p*k = 6, -2*d - k = 2*d - 13151. Is d composite?
True
Let p(x) = x + 2. Let r be p(-2). Suppose r = -2*u + 25 + 323. Let w = 385 - u. Is w prime?
True
Let w(o) = 3*o - 13. Let m be w(5). Suppose 0 = -m*x + 93 + 1501. Let q = -430 + x. Is q a composite number?
False
Let f(m) be the third derivative of 1093*m**4/8 - m**3 + 19*m**2. Is f(1) a prime number?
False
Let l = 9068 - 20422. Is ((-8)/(-18))/2 + l/(-18) a composite number?
False
Let d = -17898 - -54085. Is d a prime number?
True
Let a be (290/25)/((-2)/(-10)). Suppose 3*n - a - 101 = 0. Is 1 - (-2 + 1 - n) composite?
True
Let d = 52 + 1001. Suppose -2*n - 2*n = 5*w - 834, -w = 5*n - d. Is n prime?
True
Let f(i) be the third derivative of i**5/15 - 5*i**4/8 + i**3/3 - 9*i**2. Is f(9) a composite number?
False
Let h = -3 - -6. Suppose -4*q - h*p = -7*p - 2176, 0 = -5*q - 4*p + 2747. Is q prime?
True
Let r be 15/(-2)*(-296)/12. Suppose -u - r = 3*f - 37, 0 = -4*u - 5*f - 585. Let o = 228 + u. Is o a composite number?
False
Let m = -50 - -30. Is (-8)/(-10) - 24/m composite?
False
Let u = 2 + -4. Let a be -3 + 2 - u - -3. Is (4 - 6)/(a/(-158)) composite?
False
Let q(t) = 14*t**2 - 3*t + 3. Let m(u) = 27*u**2 - 5*u + 7. Let g(j) = 6*m(j) - 11*q(j). Let w be g(4). Suppose k - 618 = -w. Is k a prime number?
False
Let r = 24 + -17. Let b(w) = 4*w + 4. Let n be b(-2). Let m = r + n. Is m a prime number?
True
Let y(c) = -142*c - 365. Is y(-19) a composite number?
False
Let o(i) = 2*i + 27. Let h be o(-11). Suppose 2*l = -5*v + 26, -h = 4*l + 3. Is v a prime number?
False
Let r(c) = 6*c**3 - c**2 + 3*c - 1. Let a be r(1). Suppose 5*o - j - 10 = -2*j, -4*o + a = j. Is (o/(-6))/((-3)/1146) a prime number?
True
Let t be (-1)/((-6)/(-32))*72. Let f be 2/(-8) + 6590/(-40). Let j = f - t. Is j prime?
False
Let o(m) = -6*m**2 - 110*m + 45. Let q(a) = 2*a**2 + 37*a - 15. Let v(j) = -3*o(j) - 8*q(j). Is v(-24) composite?
True
Let q = 514 + -744. Let p = q - -90. Let k = 209 + p. Is k composite?
True
Suppose -28*s = -206850 + 34958. Is s a composite number?
True
Let c(z) = -8*z**3 + 4*z**2 + 2*z - 9. Let p(x) = 17*x**3 - 9*x**2 - 3*x + 18. Let t(o) = -5*c(o) - 2*p(o). Is t(5) composite?
True
Suppose 857 + 1381 = 6*q. Is q a prime number?
True
Let j = 4 + -1. Let a(p) = -p**2 + 5*p - 2. Let q be a(j). Suppose -q*g + 7*g = 339. Is g prime?
True
Is ((-1867)/(-5))/(13/65) a composite number?
False
Is 1565486/171 + (-1)/(-9) prime?
False
Let i be (4 + -6)/((-3)/1506). Suppose -5*o = -o - i. Is o composite?
False
Let b(d) = 22*d**2 - 10*d - 13. Is b(-6) prime?
True
Suppose 9 = o + 2*o. Suppose -2*d = 3*r - 4 - 10, -o*r = -5*d + 14. Suppose -d*x = -9*x + 1495. Is x composite?
True
Suppose -3*z = -261 - 198. Suppose -2*g = -i - 84, -2*i + i - 2*g - 64 = 0. Let h = z + i. Is h a prime number?
True
Suppose -1734730 = -2*t - 8*t. Is t a prime number?
True
Let a = -119 + 233. Suppose 4*h = a + 202. Is h*(-3)/((-3)/7) composite?
True
Let h(n) be the second derivative of 3*n**5/40 + 2*n**4/3 + 7*n**3/6 + 7*n. Let u(c) be the second derivative of h(c). Is u(14) a composite number?
True
Suppose r = p - 6969, -5*p + 19759 = 4*r - 15122. Is p a composite number?
True
Let o(w) = 6 - 4*w - 34*w**2 + 29*w**2 - w**3 - 2. Let p be o(-4). Suppose -p*n + 78 = -3*n - 5*z, 2*n + 2*z - 168 = 0. Is n a composite number?
False
Suppose d + 45213 = 22*d. Is d prime?
True
Let g = 1791 + -1045. Is g/(-5)*(-5)/2 composite?
False
Suppose -2*n - 8 = 2*c + 4, 5*n + c = -22. Let j(k) = 74*k**2 - 7*k - 7. Is j(n) a prime number?
False
Suppose 2*m = 5*j - 253239, -50653 = -j + 9*m - 6*m. Is j a prime number?
True
Let v(o) = -8*o**2 - 1 - 4*o + o + 2*o + 3*o. Let x be v(-3). Let n = 141 + x. Is n a composite number?
True
Let h be (30 - 3 - -8)*(-4)/5. Is 12/h - ((-13005)/(-21))/(-3) a prime number?
False
Let z(c) = 119*c - 17. Let y(q) = 118*q - 16. Let r(x) = -6*y(x) + 5*z(x). Is r(-12) prime?
True
Let c = 30 + -27. Suppose -c*u - 2*j + j + 715 = 0, -5*u - 3*j = -1189. Is u a prime number?
True
Suppose -z + 53 